n (-1)/2*(0/(-3) + s) is divided by 14.
11
Let b(l) = 3*l**2 + 6*l + 2. Suppose -9*y + 4*y = 0. Suppose -2*a - 6*w + 2*w - 28 = y, 0 = -5*w - 25. Calculate the remainder when 101 is divided by b(a).
23
Let d = 37 - 30. Suppose 0 = -z - 2 - d. Let c = -4 - z. What is the remainder when c is divided by 3?
2
Let v be (2 - (-8)/(-6))*6. Let o(f) = 2*f - 5. Calculate the remainder when o(v) is divided by ((-5)/15)/((-4)/12).
0
Suppose -4*a + 2*x = -26, -x + 22 = 4*a + 5. Let j(p) = p**3 + p - 25. Let u be j(0). Let b = u + 49. What is the remainder when b is divided by a?
4
Suppose 0 = 53*g - 59*g + 216. Calculate the remainder when 67 is divided by g.
31
Let t(l) = l**3 - 10*l**2 + 14*l + 16. Calculate the remainder when 301 is divided by t(9).
57
Let k(t) = 7*t - 56. Calculate the remainder when 209 is divided by k(14).
41
What is the remainder when 4 + 34/3 + 42/(-126) is divided by 10?
5
Let p(a) = -a**3 - 7*a**2 + 8*a - 9. Let o be p(-8). Calculate the remainder when 78 is divided by 12/o*30/(-4).
8
Suppose 2*z + 5*u - 87 = 0, -5*u + 79 = z + 23. Let c = -47 + 106. What is the remainder when c is divided by z?
28
Suppose n - 332 = -2*m - 3*n, -178 = -m + n. Calculate the remainder when m is divided by 59.
56
Suppose -3*v = 5*h - 53, 4*v = 88*h - 84*h + 60. What is the remainder when 119 is divided by v?
7
Suppose 0 = 2*j - 3*j + 2. Suppose -5*l - 6 = -16. Calculate the remainder when l is divided by j.
0
Suppose 3*f + 15 - 36 = 0. Let o(d) = 2*d**2 - 10*d - 17. Calculate the remainder when 30 is divided by o(f).
8
Suppose -85 = -133*o + 128*o. What is the remainder when 134 is divided by o?
15
Let h(d) = d**2 - 9*d + 5. Let o = -18 + 21. What is the remainder when h(9) is divided by o?
2
Let t = 2097 + -2071. Calculate the remainder when 63 is divided by t.
11
Suppose -q + 1 = -3. Suppose 11*n - q*n = 49. What is the remainder when 55 is divided by n?
6
Suppose -4*x = 3*y + 345, -5*y - 50 = 2*x + 133. Let t = x + 123. Calculate the remainder when t is divided by 14.
11
Suppose 0 = -6*y + 4 + 44. Let g(c) = c**3 - 8*c**2 + 8*c + 16. Calculate the remainder when g(y) is divided by 27.
26
Let y = -180 + 173. Let x(u) = -u**3 - 4*u**2 + 2*u - 4. Let s be x(-4). Let z = y - s. What is the remainder when 9 is divided by z?
4
Calculate the remainder when (-652)/(-6)*(-5 + (-26)/(-4)) is divided by 55.
53
Let k be 8/(-4)*(-2 + 0). Suppose 5*z - q - 4 = k, -z = 4*q + 11. What is the remainder when (5 - z)/((-6)/(-21)) is divided by 5?
4
Suppose k - 60 = 30. Let t = -30990 + 31021. Calculate the remainder when k is divided by t.
28
Let y = -29 - -77. Let i(b) = 2*b**3 + 5*b**2 - 8*b + 12. What is the remainder when i(4) is divided by y?
44
Calculate the remainder when -1 + (-15)/(-5) - (0 + -549) is divided by 92.
91
Let a = 239 + -137. Suppose 130 = 5*i - 5*o, -2*i + o = -7*i + 100. Calculate the remainder when a is divided by i.
18
Suppose -m = -0*m + 2*v - 3, 0 = 2*m + v. What is the remainder when m + 2 + -64*(-5 + 3) is divided by 22?
19
Let r(k) = 2*k + 35. Let c be r(-16). Suppose -3*d = -4*d + 3, 5*d - 66 = -c*w. Calculate the remainder when 60 is divided by w.
9
Let r(q) = -4*q - 1. Suppose -132 = -8*z + 84. What is the remainder when z is divided by r(-3)?
5
Suppose 5*q + 182 = -3*n, -4*n + 35 - 295 = -2*q. Let f = n + 196. What is the remainder when f is divided by 27?
24
Let f = -70 - -84. Calculate the remainder when f is divided by 10.
4
Let i(y) = -y**2 - 6*y - 12. Let k be i(-5). Let z = -4 - -2. What is the remainder when -1 - k - (z + 1) is divided by 4?
3
Suppose 61*p + 152 = 80*p. Let f be (-3)/((-3)/(-2)) - 2. Let w = f - -6. Calculate the remainder when p is divided by w.
0
Let c = -101 + 116. What is the remainder when 43 is divided by c?
13
What is the remainder when 63 is divided by 4/9 - (-1260)/81?
15
Let a(g) = -g**3 + 34*g**2 + 44*g - 156. Calculate the remainder when a(35) is divided by 50.
9
Let l(d) = 70*d - 52. Let i be l(6). Let m = i - 209. Calculate the remainder when m is divided by 54.
51
Suppose 5520 = -19*g + 157*g. What is the remainder when 332 is divided by g?
12
Let q be (-27 + 7)*2/4. Let a(u) = -u**3 - 10*u**2 + 3. Let l be a(q). Suppose 2*s - 85 = -l*s. What is the remainder when s is divided by 5?
2
Suppose 10*m + 20 = 15*m + 4*a, 4*m + 3*a = 17. Let v(q) = 3*q + 1 + q - q. Calculate the remainder when 96 is divided by v(m).
21
Let n(i) = -17*i - 5. Calculate the remainder when n(-4) is divided by (1 + 45/(-12))/(15/(-60)).
8
Let m be (12 + -26)*(-2)/4. Let j be ((-4)/(-10))/(1/10). Suppose -2*z = -4*n + 22, -2*n = -m*n - j*z + 8. What is the remainder when 7 is divided by n?
3
Let h(m) = -m + 1. Let f be h(-3). Suppose 5*o - 26 = -4*v + 2*v, 0 = o + f*v - 16. Suppose -23 - 5 = -4*b. What is the remainder when b is divided by o?
3
Let r be (((-6)/(-4))/3)/(20/200). Suppose 4*u + 5*m - 27 = 0, 4*u - 5*m - 27 = 10. Suppose -r*c = -c - u. Calculate the remainder when c is divided by 1.
0
Let y(m) = m**2 - 6*m - 17. Let w = 31 - 21. Let f(u) = u**2 - 2*u + 11. What is the remainder when f(w) is divided by y(10)?
22
Let s = 839 + -819. Calculate the remainder when 959 is divided by s.
19
Let n = 2701 - 1382. Calculate the remainder when n is divided by 40.
39
Suppose -5*c + 10 = 2*n, 2*c = -2*n - c + 6. Suppose -u - u + 30 = n. What is the remainder when u is divided by 117/(-65)*(-10)/3?
3
Suppose -520 = 18*j - 23*j. Let w = j + -76. What is the remainder when (-334)/(-4) - 1/2 is divided by w?
27
Let j be (-1)/(46/16 + -3). Let v = 6 - j. Let y(x) = -x**3 + 2*x**2 - 3*x - 5. What is the remainder when 33 is divided by y(v)?
16
Let u = 207 + 395. What is the remainder when u is divided by 32?
26
Suppose -267*d - 174 = -273*d. Calculate the remainder when 140 is divided by d.
24
Let r = -1208 - -1271. Calculate the remainder when r is divided by 26.
11
Let i = 170 + -68. Suppose -12 - i = -6*q. Calculate the remainder when 71 is divided by q.
14
Let p = 60 + 23. Calculate the remainder when p is divided by (-20)/(-70) + 13/(-7)*-9.
15
Suppose -18 = -4*t - 2. Suppose -5*y + 450 = -b, -5*y - t*b + 118 = -307. Calculate the remainder when y is divided by 23.
20
Suppose 5*d = 2*w + 910, -4*d = -w + 63 - 788. Calculate the remainder when 24 is divided by d/13 - (-2)/13.
10
Let h = -89 - -384. What is the remainder when h is divided by 13?
9
Suppose 8 = -4*k + 116. Calculate the remainder when 53040/500 + (-8)/100 is divided by k.
25
Suppose -3*j + 6*j - 6 = 0. Suppose j*x = -2*x - 36. Calculate the remainder when 34 is divided by 4/18 + (-106)/x.
10
What is the remainder when 179 is divided by ((-360)/(-108))/((-1)/(-6))?
19
Let t(i) = 640*i - 126. Calculate the remainder when t(2) is divided by 68.
66
Let d = -626 - -685. Calculate the remainder when d is divided by 17.
8
Suppose 7*h - 84 = 2*h - 2*m, 2*m + 6 = 0. Calculate the remainder when 142 is divided by h.
16
What is the remainder when 2/8 + (-558)/(-8) is divided by 1/(-2)*-2 + 23?
22
Suppose -5*y - 5*g + 120 = 0, -77*g - 8 = -79*g. What is the remainder when 26 is divided by y?
6
Let m be -1*6*(-8)/(-12). What is the remainder when (1/3)/(794/198 + m) is divided by 12?
9
Suppose 0 = t - 0*t + 10. What is the remainder when ((-4)/(-3))/(t/(-540)) is divided by (125/(-4))/5*-4?
22
Let k(n) = 3*n**2 - 68*n + 4. Calculate the remainder when k(30) is divided by 18.
16
Let l(a) = 10*a**2 + 19*a + 2. Calculate the remainder when 312 is divided by l(-3).
32
Let x = -2971 - -3149. What is the remainder when x is divided by 60?
58
Let r = 75 + -13. Suppose m = -m + r. Suppose -h = -4, 4*h = 4*x - 6*x + 260. What is the remainder when x is divided by m?
29
Let u(h) = -h**2 + 18*h - 20. Let q = -373 - -574. What is the remainder when q is divided by u(16)?
9
Suppose -48 = -44*n + 304. Calculate the remainder when 373 is divided by n.
5
Let t(m) = m**3 + 4*m**2 + 2*m. Let k be t(-3). Suppose -65 = -k*c + 61. Suppose 11 = x - c. Calculate the remainder when x is divided by 14.
11
Let p be -4 - (-9)/(9/4). Suppose p = 4*i - 74 - 2. What is the remainder when 75 is divided by i?
18
Suppose -11*w + 250 - 921 = 0. Let k = 77 + w. Calculate the remainder when 74 is divided by k.
10
What is the remainder when -4 + 10 + 1 + (-7 - -83) is divided by 41?
1
Let p = -461 - -5